te the remainder when 362 is divided by 61.
57
What is the remainder when 3163 is divided by 14?
13
Calculate the remainder when 102 is divided by 59.
43
What is the remainder when 262 is divided by 54?
46
Calculate the remainder when 162 is divided by 47.
21
Calculate the remainder when 134 is divided by 18.
8
Calculate the remainder when 77 is divided by 70.
7
Calculate the remainder when 27 is divided by 4.
3
What is the remainder when 8522 is divided by 31?
28
What is the remainder when 31 is divided by 10?
1
What is the remainder when 233 is divided by 15?
8
Calculate the remainder when 791 is divided by 12.
11
Calculate the remainder when 259 is divided by 13.
12
What is the remainder when 342 is divided by 91?
69
Calculate the remainder when 33 is divided by 19.
14
What is the remainder when 826 is divided by 12?
10
What is the remainder when 312 is divided by 258?
54
What is the remainder when 277 is divided by 156?
121
What is the remainder when 68 is divided by 9?
5
What is the remainder when 2606 is divided by 11?
10
What is the remainder when 847 is divided by 25?
22
Calculate the remainder when 462 is divided by 29.
27
What is the remainder when 345 is divided by 65?
20
What is the remainder when 676 is divided by 19?
11
Calculate the remainder when 599 is divided by 121.
115
What is the remainder when 246 is divided by 8?
6
What is the remainder when 71 is divided by 63?
8
What is the remainder when 2938 is divided by 60?
58
Calculate the remainder when 797 is divided by 57.
56
Calculate the remainder when 508 is divided by 32.
28
Calculate the remainder when 1309 is divided by 268.
237
Calculate the remainder when 871 is divided by 25.
21
What is the remainder when 424 is divided by 72?
64
What is the remainder when 275 is divided by 12?
11
What is the remainder when 908 is divided by 13?
11
Calculate the remainder when 358 is divided by 133.
92
Calculate the remainder when 222 is divided by 45.
42
Calculate the remainder when 539 is divided by 174.
17
Calculate the remainder when 51 is divided by 27.
24
What is the remainder when 1045 is divided by 52?
5
What is the remainder when 39 is divided by 12?
3
Calculate the remainder when 1063 is divided by 281.
220
What is the remainder when 574 is divided by 18?
16
What is the remainder when 34985 is divided by 21?
20
Calculate the remainder when 273 is divided by 92.
89
Calculate the remainder when 742 is divided by 8.
6
Calculate the remainder when 1103 is divided by 23.
22
Calculate the remainder when 37 is divided by 7.
2
What is the remainder when 460 is divided by 235?
225
Calculate the remainder when 108 is divided by 35.
3
Calculate the remainder when 350 is divided by 90.
80
What is the remainder when 477 is divided by 12?
9
Calculate the remainder when 446 is divided by 28.
26
Calculate the remainder when 4016 is divided by 14.
12
Calculate the remainder when 659 is divided by 329.
1
Calculate the remainder when 208 is divided by 35.
33
What is the remainder when 34 is divided by 9?
7
Calculate the remainder when 380 is divided by 126.
2
What is the remainder when 264 is divided by 15?
9
What is the remainder when 13 is divided by 13?
0
Calculate the remainder when 113 is divided by 7.
1
Calculate the remainder when 125 is divided by 34.
23
What is the remainder when 911 is divided by 183?
179
What is the remainder when 40 is divided by 6?
4
What is the remainder when 297 is divided by 43?
39
What is the remainder when 183 is divided by 22?
7
What is the remainder when 590 is divided by 220?
150
Calculate the remainder when 170 is divided by 43.
41
Calculate the remainder when 1417 is divided by 65.
52
Calculate the remainder when 232 is divided by 224.
8
Calculate the remainder when 224 is divided by 57.
53
Calculate the remainder when 2841 is divided by 947.
0
What is the remainder when 2380 is divided by 8?
4
What is the remainder when 2374 is divided by 18?
16
Calculate the remainder when 612 is divided by 200.
12
Calculate the remainder when 2207 is divided by 11.
7
Calculate the remainder when 1169 is divided by 78.
77
Calculate the remainder when 3859 is divided by 143.
141
Calculate the remainder when 4878 is divided by 119.
118
Calculate the remainder when 152 is divided by 26.
22
What is the remainder when 260 is divided by 19?
13
Calculate the remainder when 6024 is divided by 123.
120
What is the remainder when 123 is divided by 21?
18
Calculate the remainder when 47 is divided by 41.
6
What is the remainder when 1318 is divided by 88?
86
What is the remainder when 1219 is divided by 33?
31
What is the remainder when 827 is divided by 36?
35
Calculate the remainder when 427 is divided by 24.
19
Calculate the remainder when 1764 is divided by 57.
54
What is the remainder when 2237 is divided by 16?
13
Calculate the remainder when 260 is divided by 49.
15
Calculate the remainder when 124 is divided by 90.
34
What is the remainder when 15514 is divided by 12?
10
What is the remainder when 288 is divided by 55?
13
What is the remainder when 395 is divided by 68?
55
Calculate the remainder when 1241 is divided by 113.
111
What is the remainder when 215 is divided by 63?
26
What is the remainder when 126 is divided by 24?
6
Calculate the remainder when 628 is divided by 30.
28
Calculate the remainder when 42767 is divided by 12.
11
Calculate the remainder when 1621 is divided by 28.
25
Calculate the remainder when 140 is divided by 67.
6
Calculate the remainder when 31 is divided by 13.
5
Calculate the remainder when 1205 is divided by 28.
1
Calculate the remainder when 1120 is divided by 15.
10
What is the remainder when 602 is divided by 199?
5
Calculate the remainder when 135 is divided by 59.
17
Calculate the remainder when 79 is divided by 64.
15
Calculate the remainder when 8378 is divided by 2786.
20
Calculate the remainder when 79 is divided by 42.
37
Calculate the remainder when 131 is divided by 61.
9
What is the remainder when 371 is divided by 104?
59
Calculate the remainder when 102 is divided by 11.
3
Calculate the remainder when 155 is divided by 59.
37
What is the remainder when 4485 is divided by 34?
31
Calculate the remainder when 278 is divided by 35.
33
What is the remainder when 679 is divided by 24?
7
Calculate the remainder when 412 is divided by 16.
12
What is the remainder when 1817 is divided by 10?
7
What is the remainder when 225 is divided by 30?
15
Calculate the remainder when 403 is divided by 28.
11
What is the remainder when 72 is divided by 43?
29
Calculate the remainder when 388 is divided by 63.
10
Calculate the remainder when 17 is divided by 3.
2
Calculate the remainder when 11100 is divided by 3700.
0
Calculate the remainder when 557 is divided by 182.
11
Calculate the remainder when 572 is divided by 155.
107
What is the remainder when 5375 is divided by 21?
20
What is the remainder when 21 is divided by 5?
1
Calculate the remainder when 1722 is divided by 346.
338
What is the remainder when 237 is divided by 48?
45
Calculate the remainder when 218 is divided by 40.
18
Calculate the remainder when 59 is divided by 31.
28
Calculate the remainder when 409 is divided by 279.
130
Calculate the remainder when 1902 is divided by 21.
12
Calculate the remainder when 702 is divided by 118.
112
What is the remainder when 4549 is divided by 130?
129
Calculate the remainder when 8753 is divided by 146.
139
What is the remainder when 2055 is divided by 6?
3
Calculate the remainder when 118 is divided by 14.
6
Calculate the remainder when 1981 is divided by 982.
17
Calculate the remainder when 429 is divided by 89.
73
Calculate the remainder when 421 is divided by 25.
21
What is the remainder when 38 is divided by 4?
2
What is the remainder when 601 is divided by 177?
70
What is the remainder when 44 is divided by 6?
2
Calculate the remainder when 155 is divided by 41.
32
What is the remainder when 232 is divided by 111?
10
Calculate the remainder when 225 is divided by 12.
9
Calculate the remainder when 336 is divided by 105.
21
Calculate the remainder when 911 is divided by 114.
113
Calculate the remainder when 236 is divided by 8.
4
What is the remainder when 861 is divided by 210?
21
Calculate the remainder when 1762 is divided by 2